s divided by 219?
28
Calculate the remainder when 28020907 is divided by 21.
19
Calculate the remainder when 375757 is divided by 4638.
79
What is the remainder when 95135 is divided by 22520?
5055
What is the remainder when 3280433 is divided by 1684?
1
Calculate the remainder when 905082 is divided by 532.
150
Calculate the remainder when 23554 is divided by 7153.
2095
Calculate the remainder when 112812 is divided by 11221.
602
What is the remainder when 8039036 is divided by 68?
8
What is the remainder when 3770352 is divided by 700?
152
What is the remainder when 1492512 is divided by 592?
80
What is the remainder when 323783385 is divided by 59?
58
Calculate the remainder when 27761389 is divided by 1127.
1125
What is the remainder when 201463 is divided by 100647?
169
What is the remainder when 194138 is divided by 652?
494
What is the remainder when 38021 is divided by 4212?
113
Calculate the remainder when 2356365 is divided by 392726.
9
What is the remainder when 5371606 is divided by 41?
32
What is the remainder when 33911495 is divided by 1077?
1073
Calculate the remainder when 403593959 is divided by 682.
681
Calculate the remainder when 4665114 is divided by 2332498.
118
Calculate the remainder when 185857216 is divided by 20.
16
Calculate the remainder when 295811 is divided by 33.
32
Calculate the remainder when 7327115 is divided by 22.
15
Calculate the remainder when 1905187 is divided by 232.
3
Calculate the remainder when 33752319 is divided by 10.
9
What is the remainder when 9902146 is divided by 181?
179
Calculate the remainder when 3610068 is divided by 1805028.
12
Calculate the remainder when 854676 is divided by 22.
20
What is the remainder when 37107140 is divided by 1241?
1240
What is the remainder when 275301 is divided by 454?
177
What is the remainder when 219392652 is divided by 11062?
6
What is the remainder when 637161 is divided by 464?
89
What is the remainder when 1359957 is divided by 2888?
2597
Calculate the remainder when 5009264 is divided by 626.
12
Calculate the remainder when 34071426 is divided by 21.
18
What is the remainder when 1079078 is divided by 1079045?
33
What is the remainder when 1761646 is divided by 1947?
1558
What is the remainder when 33002242 is divided by 16501120?
2
Calculate the remainder when 53913 is divided by 94.
51
What is the remainder when 274205 is divided by 91398?
11
Calculate the remainder when 35805 is divided by 35742.
63
Calculate the remainder when 49747 is divided by 350.
47
Calculate the remainder when 920184 is divided by 912.
888
What is the remainder when 3504216 is divided by 198?
12
Calculate the remainder when 1742297 is divided by 466.
389
Calculate the remainder when 560288 is divided by 80003.
267
What is the remainder when 167925686 is divided by 90?
86
What is the remainder when 1131556 is divided by 891?
877
What is the remainder when 765160 is divided by 18185?
1390
Calculate the remainder when 2842022 is divided by 5057.
5045
Calculate the remainder when 1529873 is divided by 1422.
1223
Calculate the remainder when 524802782 is divided by 3678.
3674
Calculate the remainder when 233795 is divided by 81.
29
What is the remainder when 82445 is divided by 40280?
1885
Calculate the remainder when 483493 is divided by 50.
43
What is the remainder when 35129 is divided by 711?
290
Calculate the remainder when 339036 is divided by 1173.
39
What is the remainder when 631816 is divided by 1305?
196
Calculate the remainder when 339997748 is divided by 10.
8
Calculate the remainder when 290058 is divided by 36220.
298
What is the remainder when 1437424 is divided by 46366?
78
What is the remainder when 43576 is divided by 43156?
420
What is the remainder when 3879241 is divided by 1069?
909
Calculate the remainder when 511205302 is divided by 293.
291
What is the remainder when 1528206 is divided by 23878?
14
Calculate the remainder when 2724778 is divided by 82.
0
What is the remainder when 110977647 is divided by 117?
105
Calculate the remainder when 77586113 is divided by 2856.
17
What is the remainder when 686361 is divided by 1751?
1720
What is the remainder when 309110 is divided by 403?
9
Calculate the remainder when 318815 is divided by 15.
5
What is the remainder when 9219480 is divided by 940?
900
Calculate the remainder when 7986614 is divided by 5.
4
Calculate the remainder when 27716 is divided by 13312.
1092
What is the remainder when 1133284 is divided by 161887?
75
What is the remainder when 29606130 is divided by 5921206?
100
What is the remainder when 30880769 is divided by 3543?
3524
What is the remainder when 268524 is divided by 334?
322
Calculate the remainder when 5755679 is divided by 188.
59
Calculate the remainder when 26959554 is divided by 13479770.
14
What is the remainder when 303031378 is divided by 908?
906
Calculate the remainder when 33826437 is divided by 3624.
21
Calculate the remainder when 648433 is divided by 485.
473
What is the remainder when 3644517 is divided by 9393?
33
Calculate the remainder when 92080 is divided by 23011.
36
Calculate the remainder when 681801 is divided by 22.
21
What is the remainder when 30562763 is divided by 1668?
1667
Calculate the remainder when 2387334 is divided by 397887.
12
What is the remainder when 1354760 is divided by 169335?
80
What is the remainder when 729880414 is divided by 55?
54
Calculate the remainder when 64543487 is divided by 6544.
15
What is the remainder when 30854249 is divided by 8111?
5
What is the remainder when 71437101 is divided by 387?
384
Calculate the remainder when 3360150 is divided by 260.
170
What is the remainder when 21354551 is divided by 1525324?
15
What is the remainder when 3455366 is divided by 2161?
2088
Calculate the remainder when 35850379 is divided by 9.
4
What is the remainder when 316797 is divided by 1551?
393
What is the remainder when 979191 is divided by 537?
240
Calculate the remainder when 628250 is divided by 22.
18
Calculate the remainder when 305356 is divided by 152674.
8
Calculate the remainder when 8544202 is divided by 44.
18
Calculate the remainder when 1552804 is divided by 29861.
32
What is the remainder when 24826177 is divided by 1241308?
17
What is the remainder when 253713 is divided by 2977?
668
Calculate the remainder when 31034 is divided by 1731.
1607
What is the remainder when 135602 is divided by 847?
82
What is the remainder when 4960787 is divided by 67?
40
What is the remainder when 35508 is divided by 162?
30
Calculate the remainder when 25080621 is divided by 8360200.
21
What is the remainder when 15566113 is divided by 15?
13
What is the remainder when 4293 is divided by 616?
597
Calculate the remainder when 100149 is divided by 24.
21
What is the remainder when 10109167 is divided by 58?
57
What is the remainder when 25231082 is divided by 10970?
82
Calculate the remainder when 41741 is divided by 19794.
2153
Calculate the remainder when 2668065 is divided by 5701.
5698
What is the remainder when 9114559 is divided by 8?
7
Calculate the remainder when 86344 is divided by 40853.
4638
Calculate the remainder when 24041 is divided by 255.
71
Calculate the remainder when 16134644 is divided by 8.
4
Calculate the remainder when 175149 is divided by 544.
525
What is the remainder when 8632942 is divided by 148?
102
What is the remainder when 156685 is divided by 1820?
165
Calculate the remainder when 1212141 is divided by 1109.
4
What is the remainder when 149533 is divided by 48405?
4318
Calculate the remainder when 250948 is divided by 56.
12
Calculate the remainder when 72991 is divided by 5213.
9
What is the remainder when 11702478 is divided by 1248?
1230
Calculate the remainder when 325903781 is divided by 1790680.
21
What is the remainder when 467687 is divided by 1281?
122
What is the remainder when 211615 is divided by 105795?
25
Calculate the remainder when 6714381 is divided by 10.
1
What is the remainder when 231717 is divided by 2134?
1245
Calculate the remainder when 58479 is divided by 1712.
271
What is the remainder when 4097359 is divided by 4?
3
What is the remainder when 15429903 is divided by 3857471?
19
Calculate the remainder when 105079672 is divided by 2954.
2938
What is the remainder when